*2 - 1527*i + 19937. Calculate h(24).
-7
Let g(o) = 7929*o + 47548. Calculate g(-6).
-26
Let a(p) = 1118*p - 10254. What is a(9)?
-192
Let j(d) = -2*d**3 - 57*d**2 + 6883*d + 198734. Give j(-29).
-32
Let h(n) = -5*n**2 - 62*n - 863. Calculate h(-12).
-839
Let j(u) = -669*u + 43495. Give j(65).
10
Let l(g) = -325*g + 12868. Determine l(42).
-782
Let w(r) = 1121*r - 14166. Calculate w(15).
2649
Let l(i) = -4*i**3 + 8*i**2 + 44*i - 158. Give l(3).
-62
Let a(p) = -61876*p - 866283. Calculate a(-14).
-19
Let p(m) = 2*m**3 + 952*m**2 - 1971*m - 28208. Determine p(-478).
-6
Let f(p) = -p**2 - 159*p + 9719. What is f(-197)?
2233
Let g(f) = 7*f**3 - 666*f**2 + 2650*f + 6. What is g(4)?
398
Let y(z) = -35716*z - 178626. Calculate y(-5).
-46
Let h(s) = -17*s**3 - 27*s**2 + 3*s - 17. Calculate h(-4).
627
Let l(x) = 34071*x + 34757. Calculate l(-1).
686
Let i(a) = a**3 - 5*a**2 - 20*a - 141. Determine i(-8).
-813
Let z(a) = -1075*a + 292345. Give z(272).
-55
Let a(i) = -14*i**2 - 285*i + 289. Determine a(1).
-10
Let j(x) = 25*x**2 + 1459*x - 4375. Determine j(3).
227
Let o(x) = -x**3 - 59*x**2 - 75*x + 2454. Give o(-57).
231
Let x(k) = -k**3 + 26*k**2 - 100*k + 223. Give x(6).
343
Let o(i) = -2*i**3 - 29*i**2 + 323*i + 2907. Determine o(-19).
19
Let r(q) = -68*q**2 - 117*q - 1. What is r(-7)?
-2514
Let o(g) = 2*g**2 - 275*g + 2808. Determine o(10).
258
Let l(w) = -11528*w + 34542. What is l(3)?
-42
Let l(s) = -5*s**2 - 674*s + 5262. What is l(8)?
-450
Let s(f) = -1332*f**2 - 3599*f. Determine s(-3).
-1191
Let w(u) = 3*u**3 - 62*u**2 + 426*u - 9368. What is w(21)?
19
Let j(y) = y**3 - 648*y**2 - 6575*y - 3193. Give j(658).
97
Let s(i) = 3*i**2 - 7*i - 426. Give s(15).
144
Let x(m) = 3718*m + 66798. Give x(-18).
-126
Let m(n) = 8*n**2 + 381*n - 17. What is m(-47)?
-252
Let z(u) = -12936*u - 141907. Calculate z(-11).
389
Let k(h) = 4588*h + 381246. Determine k(-83).
442
Let h(i) = 2601*i - 2470963. Calculate h(950).
-13
Let l(a) = -950*a + 2087. Give l(2).
187
Let g(j) = -1912*j**2 - 47792*j + 200. What is g(-25)?
0
Let w(o) = 2467*o - 557542. What is w(226)?
0
Let b(u) = 361503*u - 1446014. Calculate b(4).
-2
Let g(u) = 5489*u - 153673. Determine g(28).
19
Let p(x) = -109*x**2 - 37280*x - 814. Determine p(-342).
-130
Let i(m) = -314*m**2 - 126855*m + 464. Determine i(-404).
60
Let p(s) = 8101*s**2 + 40503*s + 4. Calculate p(-5).
14
Let h(q) = 2*q**2 - 475685*q + 16646526. Calculate h(35).
1
Let c(b) = -101*b - 204. Determine c(-3).
99
Let s(m) = -m**3 - 13*m**2 + 3644*m + 43667. Determine s(-12).
-205
Let i(x) = -890081*x - 6230604. Calculate i(-7).
-37
Let y(o) = 7*o**2 + 554*o + 1679. Determine y(-3).
80
Let r(y) = y**2 + 722*y + 34112. Give r(-51).
-109
Let v(m) = m**2 + 401*m + 20543. Give v(-60).
83
Let k(g) = 2*g**3 + 88*g**2 + 680*g - 1642. Determine k(-13).
-4
Let l(p) = 2267530*p + 11337647. What is l(-5)?
-3
Let x(k) = k**3 + k**2 - 36*k + 21. Determine x(0).
21
Let p(n) = n**3 - 37*n**2 + 25*n + 4. Calculate p(37).
929
Let b(j) = 158*j - 4577. Determine b(27).
-311
Let f(y) = 77723*y - 11658445. Calculate f(150).
5
Let b(j) = -928*j + 18136. Give b(20).
-424
Let r(x) = -2*x**2 - 36081*x + 144356. Determine r(4).
0
Let b(c) = -6456*c**2 - 25720*c + 8. Calculate b(-4).
-408
Let z(f) = 975*f**3 - 5*f**2 + 26*f - 27. What is z(1)?
969
Let c(s) = 32*s**3 + 35*s**2 - 31*s - 28. What is c(-2)?
-82
Let a(o) = 761*o + 219986. Calculate a(-289).
57
Let s(w) = -56*w - 2810. Calculate s(-52).
102
Let m(z) = -2486*z - 40863. Give m(-16).
-1087
Let n(t) = 11*t**2 - 6253*t + 27636. Determine n(564).
0
Let v(d) = -3*d**3 - 44*d**2 + 1966*d + 27942. Give v(-14).
26
Let t(i) = -147*i**3 - 423*i**2 - 35*i - 89. Calculate t(-3).
178
Let x(n) = -149405*n + 2241082. Calculate x(15).
7
Let i(n) = 4115*n - 1267487. What is i(308)?
-67
Let t(u) = -244*u**2 + 48*u - 24. What is t(0)?
-24
Let i(k) = k**3 - 45*k**2 + 19841*k + 141439. Determine i(-7).
4
Let m(w) = 14*w**3 - 85*w**2 + 41*w + 7. Calculate m(5).
-163
Let s(l) = 3*l**2 - 3250*l + 195572. What is s(64)?
-140
Let b(j) = -5*j**2 - 406311*j + 812624. Determine b(2).
-18
Let i(w) = -w**3 + 621*w**2 + 1990*w - 73638. Calculate i(624).
-6
Let y(u) = -941*u + 50831. Calculate y(54).
17
Let n(m) = -3652*m + 53781. Calculate n(14).
2653
Let j(s) = -16*s**3 - 3*s**2 - 373*s - 373. Give j(-1).
13
Let k(w) = 8*w**3 + 205*w**2 + 1296*w + 93. What is k(-11)?
-6
Let l(c) = 531*c + 152472. Calculate l(-287).
75
Let o(p) = -402*p**2 + 4823*p - 39. Give o(12).
-51
Let j(t) = -t**3 - 100*t**2 - 273*t - 27228. Calculate j(-100).
72
Let c(f) = -20440*f + 10056494. Give c(492).
14
Let h(w) = -4*w**3 + 5*w**2 + 2016*w - 2018. Determine h(1).
-1
Let j(y) = -2024*y + 54696. Give j(27).
48
Let h(q) = 11639*q - 1419980. Calculate h(122).
-22
Let p(q) = q**3 - 76*q**2 - 190*q + 1128. What is p(78)?
-1524
Let j(x) = 475*x**2 - 24698*x - 68. Give j(52).
36
Let x(n) = -5*n**3 + 34*n**2 - n - 25. Give x(7).
-81
Let h(o) = -17*o**2 - 366*o - 97. What is h(-22)?
-273
Let n(u) = -4*u - 1301. Calculate n(-57).
-1073
Let a(r) = -2233658*r - 20102919. Give a(-9).
3
Let q(g) = -14*g**2 - 3665*g + 780. Determine q(-262).
-6
Let g(p) = -3*p**3 - 8*p**2 - 8*p - 55. Determine g(-8).
1033
Let y(o) = o**3 - 74*o**2 - 96090*o + 40140. Determine y(349).
5
Let y(h) = -119676*h + 2752543. Calculate y(23).
-5
Let o(g) = 107*g**2 + 22895*g - 336. Calculate o(-214).
306
Let t(o) = -8*o**2 - 875*o - 21128. What is t(-36)?
4
Let u(i) = i**3 + 207*i**2 + 9448*i - 259. Determine u(-68).
13
Let b(f) = -f**2 + 101799*f - 712573. Give b(7).
-29
Let k(r) = -r**3 + 46*r**2 + 93*r + 322. Give k(48).
178
Let t(u) = -2*u**2 - 1432*u + 8519. What is t(6)?
-145
Let c(j) = -j**3 - 7*j**2 - 95*j - 636. Calculate c(0).
-636
Let z(n) = -1630*n + 8490. Give z(5).
340
Let n(f) = 9*f**2 - 1008*f - 5110. What is n(-5)?
155
Let k(w) = w**2 + 4978*w + 559165. Determine k(-115).
-80
Let i(s) = s**2 + 51*s - 39940. What is i(-227)?
12
Let o(j) = -j**2 - 2820*j - 195170. What is o(-71)?
9
Let i(d) = 474*d + 25615. What is i(-54)?
19
Let t(u) = 163*u**2 - 56*u + 196. What is t(3)?
1495
Let b(y) = 280244*y - 5604883. What is b(20)?
-3
Let a(d) = 828*d + 3666. What is a(-5)?
-474
Let k(f) = -4*f**2 + 7692*f - 129597. Calculate k(17).
11
Let a(j) = -34094*j + 136379. Give a(4).
3
Let j(k) = k**2 + 70*k + 728. What is j(-35)?
-497
Let m(c) = -5245*c - 4175015. Determine m(-796).
5
Let n(q) = 2*q**3 - 37*q**2 + 70*q + 174. Determine n(18).
1110
Let c(o) = -8*o + 1333. Calculate c(-35).
1613
Let p(j) = -107*j**3 - 15*j**2 - 7*j - 5. Calculate p(-1).
94
Let q(r) = r**3 - 11*r**2 - 221*r - 9. Give q(-12).
-669
Let n(r) = r**3 + 740*r**2 - 7434*r + 49552. Calculate n(-750).
52
Let i(g) = 2*g**3 + 32*g**2 + 49*g - 46. Give i(-7).
493
Let n(h) = 40*h**2 - 657*h - 4645. What is n(-7)?
1914
Let c(o) = 4*o**3 + 434*o**2 + 260*o + 4753. Give c(-108).
1
Let g(a) = -a**3 - 159*a**2 + 4409*a - 409. Determine g(24).
-1
Let d(h) = -h**2 + 279*h - 1442. Calculate d(6).
196
Let k(p) = -8*p**3 + 3*p**2 + 58*p - 74. Calculate k(2).
-10
Let p(f) = f**3 + 115*f**2 + 210*f - 1758. What is p(-113)?
50
Let g(f) = -2496*f**2 + 170*f - 172. What is g(1)?
-2498
Let x(u) = 57*u**2 - 56*u + 66. Give x(2).
182
Let n(h) = -285123*h + 1140490. Calculate n(4).
-2
Let f(y) = 3481*y + 222778. Determine f(-64).
-6
Let z(p) = 192*p + 42830. What is z(-223)?
14
Let q(i) = -2*i**3 + 112*i**2 - 1524*i + 186. Calculate q(33).
-12
Let c(p) = -20*p**2 + 162*p - 104. Give c(6).
148
Let t(c) = -8*c**2 - 43*c + 90. Give t(2).
-28
Let s(i) = -i**3 - 122*i**2 + 495*i - 1000. Give s(-126).
134
Let l(u) = 10558*u + 3906456. What is l(-370)?
-4
Let w(s) = s**3 - 11*s**2 + 1574*s - 7929. Give w(5).
-209
Let b(u) = 16766*u + 6438150. Determine b(-384).
6
Let k(u) = -161*u**2 - 8*u + 78. Give k(3).
-1395
Let o(y) = -y**3 + 6*y**2 + 5*y + 109. Give o(-7).
711
Let u(k) = 2761*k**2 + 966350*k + 15. Give u(-350).
15
Let r(d) = d**3 + 1495*d - 231. Determine r(0).
-231
Let v(l) = -8*l**2 - 451*l - 186. Determine v(-56).
-18
Let w(l) = l**2 - 3242*l + 32338. What is w(10)?
18
Let f(i) = 2*i**3 + 108*i**2 - 165*i - 3710. Determine f(-55).
-685
Let s(k) = -3*k**2 - 2041*k - 75047. What is s(-39)?
-11
Let a(m) = 6*m**3 - 304*m**2 - 66*m - 1853. Give a(5